19 prime?
False
Is 60407539 a prime number?
True
Is 1914719 a composite number?
False
Is 11484271 composite?
False
Is 317011837 a prime number?
True
Is 59840041 a composite number?
False
Is 350939 a prime number?
False
Is 2013719 a composite number?
True
Is 1591663 a composite number?
False
Is 1959161 a composite number?
False
Is 9310001 a composite number?
False
Is 7366595 a composite number?
True
Is 2006557 composite?
True
Is 300719 a composite number?
False
Is 15680801 composite?
False
Is 31997233 prime?
True
Is 49493947 composite?
False
Is 5623067 prime?
False
Is 1477901 composite?
False
Is 21782681 a prime number?
True
Is 86281799 prime?
True
Is 1027648153 a prime number?
False
Is 3666647 a prime number?
True
Is 59735591 a composite number?
False
Is 9493399 composite?
False
Is 340369555 composite?
True
Is 1988177 a prime number?
True
Is 14425223 prime?
True
Is 99281981 a prime number?
True
Is 327898793 prime?
True
Is 435341 prime?
False
Is 212033 a composite number?
True
Is 118080821 composite?
False
Is 152011 a prime number?
False
Is 271422757 prime?
False
Is 68283157 a composite number?
False
Is 70827818 a composite number?
True
Is 2697369 composite?
True
Is 5005703 a composite number?
False
Is 908357 prime?
False
Is 12619757 a composite number?
False
Is 13323473 prime?
False
Is 18369389 composite?
False
Is 767231 composite?
True
Is 3552109 prime?
False
Is 28450819 a prime number?
False
Is 185264017 composite?
False
Is 7442143 a prime number?
False
Is 56061983 composite?
False
Is 84214967 a prime number?
False
Is 5034607 a prime number?
True
Is 472186759 composite?
True
Is 77109533 prime?
True
Is 118875507 prime?
False
Is 726751 a composite number?
False
Is 101648279 prime?
True
Is 1825819 a prime number?
True
Is 77760911 a prime number?
False
Is 292495661 prime?
True
Is 73632557 prime?
True
Is 10129387 prime?
True
Is 55789711 prime?
True
Is 1480207 prime?
False
Is 1415923 composite?
True
Is 4216001 prime?
True
Is 409257139 a prime number?
True
Is 91292353 a composite number?
False
Is 5955109 a prime number?
False
Is 1230133 a composite number?
True
Is 130546093 a composite number?
True
Is 67176719 composite?
True
Is 12106015 a composite number?
True
Is 57645979 prime?
True
Is 13447183 prime?
True
Is 218574709 a composite number?
True
Is 4516957 prime?
False
Is 71610481 a composite number?
False
Is 4529641 composite?
False
Is 73564886 prime?
False
Is 1047301 a prime number?
False
Is 161785681 composite?
True
Is 158382919 a composite number?
True
Is 902059 prime?
False
Is 359191949 prime?
False
Is 3447193 a composite number?
True
Is 1232717 a prime number?
False
Is 10599497 a composite number?
False
Is 173546083 a composite number?
True
Is 11811187 a composite number?
False
Is 234842507 a prime number?
True
Is 5293903 prime?
True
Is 523450195 composite?
True
Is 824563 composite?
False
Is 2387069 a prime number?
False
Is 759763 a composite number?
False
Is 13387642 composite?
True
Is 1094341 a composite number?
True
Is 568843 prime?
False
Is 4102649 a composite number?
False
Is 656037751 composite?
False
Is 13571651 a prime number?
True
Is 829151 a prime number?
True
Is 1118941 a prime number?
True
Is 233069 a composite number?
False
Is 7888741 a prime number?
False
Is 13864351 prime?
False
Is 175187767 composite?
True
Is 7107283 prime?
False
Is 6608087 a composite number?
True
Is 15580703 a prime number?
False
Is 29415283 a prime number?
False
Is 210281363 composite?
True
Is 497011 prime?
True
Is 306785 composite?
True
Is 45295511 a composite number?
True
Is 414860757 prime?
False
Is 23677757 a composite number?
False
Is 29748371 composite?
False
Is 13307669 composite?
False
Is 3072421 a prime number?
False
Is 17317 a prime number?
True
Is 1499507 prime?
False
Is 713024339 composite?
False
Is 529482917 a composite number?
False
Is 12947401 prime?
True
Is 28293281 prime?
True
Is 155103551 composite?
False
Is 385375517 prime?
False
Is 36415261 a composite number?
True
Is 10174433 prime?
True
Is 30766151 a prime number?
False
Is 216149821 composite?
True
Is 19019885 a prime number?
False
Is 4918981 a prime number?
True
Is 1129654 a prime number?
False
Is 1603433 composite?
True
Is 3970987 composite?
True
Is 12575679 a composite number?
True
Is 23824291 composite?
False
Is 2037611 prime?
True
Is 251211949 a composite number?
True
Is 38501873 prime?
False
Is 593968439 a prime number?
True
Is 20790989 composite?
True
Is 64262797 a prime number?
True
Is 10144003 a composite number?
False
Is 177091 prime?
True
Is 1031249 composite?
True
Is 8367955 prime?
False
Is 818219 a composite number?
False
Is 102186497 a composite number?
True
Is 341333107 a composite number?
True
Is 4645867 a prime number?
True
Is 66211421 composite?
False
Is 6225979 a composite number?
False
Is 18213383 a prime number?
True
Is 712073 a prime number?
False
Is 17151943 a prime number?
False
Is 2072153 prime?
True
Is 73579007 prime?
False
Is 44442329 a composite number?
False
Is 20037593 composite?
False
Is 22871623 prime?
False
Is 6082667 composite?
False
Is 68382719 prime?
False
Is 88584163 prime?
True
Is 20854945 prime?
False
Is 46802431 prime?
False
Is 11568353 prime?
True
Is 589170607 a composite number?
False
Is 1416563 prime?
False
Is 1943093 a composite number?
False
Is 29011273 composite?
False
Is 4159657 a composite number?
True
Is 61793341 composite?
True
Is 9440467 prime?
False
Is 5161213 a composite number?
True
Is 13586633 a prime number?
True
Is 2450177 composite?
True
Is 13994609 composite?
True
Is 16771609 a composite number?
False
Is 44617 prime?
True
Is 10155839 a prime number?
False
Is 256714105 composite?
True
Is 577837 prime?
False
Is 112741 composite?
False
Is 1575757 prime?
True
Is 28198007 a composite number?
False
Is 43684499 a composite number?
False
Is 6625029 a composite number?
True
Is 10161689 a composite number?
True
Is 38261831 composite?
False
Is 70839169 a composite number?
False
Is 6475933 composite?
True
Is 177487262 composite?
True
Is 1885007 a prime number?
True
Is 33872829 a composite number?
True
Is 291753587 a prime number?
True
Is 1024346843 composite?
True
Is 53139329 composite?
False
Is 9880333 a composite number?
True
Is 202285367 composite?
False
Is 11250221 composite?
False
Is 73560199 a prime number?
True
Is 61425197 a prime number?
True
Is 24186413 composite?
False
Is 30648193 a prime number?
True
Is 24594607 prime?
False
Is 304501 a prime number?
True
Is 106004759 a prime number?
False
Is 1523435 composite?
True
Is 2786153 a composite number?
False
Is 532329843 prime?
False
Is 87979837 a prime number?
False
Is 12140593 prime?
True
Is 15993689 a prime number?
True
Is 363383237 prime?
False
Is 23570821 prime?
True
Is 46321051 composite?
True
Is 183086171 prime?
True
Is 3729659 a prime number?
True
Is 5218921 a composite number?
True
Is 213338 a composite number?
True
Is 2320751 composite?
True
Is 3186959 a composite number?
False
Is 247983961 composite?
False
Is 7527281 prime?
False
Is 1026911 a prime number?
True
Is 27698995 a composite number?
True
Is 2410914833 a composite number?
False
Is 105402461 composite?
False
Is 2123711 a prime number?
False
Is 40012453 composite?
True
Is 17811335 prime?
False
Is 1398179 a composite number?
True
Is 23297 a prime number?
True
Is 594033283 a prime number?
True
Is 88429 prime?
False
Is 928869 prime?
False
Is 300338057 a composite number?
False
Is 41238641 composite?
False
Is 13321043 a composite number?
True
Is 14020289 a prime number?
True
Is 60171443 a prime number?
True
Is 8903959 a prime number?
True
Is 17141533 composite?
False
Is 2039731 prime?
True
Is 7005403 composite?
False
Is 10605523 a prime number?
True
Is 6726613 prime?
False
Is 39026913 a composite number?
True
Is 29748391 a prime number?
True
Is 369147 prime?
False
Is 42150403 prime?
False
Is 11555549 a prime number?
True
Is 935807 a prime number?
False
Is 18617369 prime?
True
Is 164173 composite?
False
Is 1092607 a prime number?
False
Is 997679 a prime number?
False
Is 1097413 composite?
False
Is 279599 a composite number?
True
Is 23267443 a prime number?
True
Is 14112451 prime?
False
Is 19891837 composite?
True
Is 231638903 composite?
False
Is 2987057 prime?
True
Is 47091721 composite?
False
Is 410597393 composite